x = -5, 5*x = -4*h - 2 - 3. What is the tens digit of m(h)?
5
Let p(u) = -179*u**2 - 21*u - 6. Let b(t) = -60*t**2 - 7*t - 2. Let g(y) = -7*b(y) + 2*p(y). What is the units digit of g(-3)?
9
Let b = 12 - 2. Let u(j) = j**3 - 7*j**2 + 16*j - 12. Let x(m) = -m**3 + 6*m**2 - 17*m + 13. Let h(r) = 5*u(r) + 4*x(r). What is the tens digit of h(b)?
1
Suppose -6234 - 22181 = -5*a. Suppose -36*z + a = -9869. What is the hundreds digit of z?
4
Suppose -121396 = 149*d - 1590409 - 503300. What is the tens digit of d?
3
Suppose -4*a + 5*h + 2010 = 6*h, -2000 = -4*a + 4*h. Let f = 34 + a. What is the hundreds digit of f?
5
Suppose 4*g = 8, 3*h - 42*g + 41*g - 3322 = 0. What is the tens digit of h?
0
Let o(h) = 7*h**2 + 3*h + 10. Let q be o(-8). Suppose 4*b - 2138 = -q. What is the units digit of b?
6
Let q(u) be the third derivative of u**5/60 + 11*u**3/6 - 18*u**2. Let v be q(21). Suppose -2*z - 4*o + v = 0, -2*o - 3*o = -5. What is the units digit of z?
4
Let s(r) = -48*r - 144. Let f be s(-3). Suppose -6*u + 5766 = -f*u. What is the hundreds digit of u?
9
Suppose 2*g = 5 - 3, 5*t - 4*g = 6. Let x be t/4 + (-2217)/6. What is the tens digit of (x/6)/(-2*(-6)/(-16))?
8
Let o = 311 + -293. Let y(s) = -s**3 + 19*s**2 + 16*s - 58. What is the units digit of y(o)?
4
Suppose 120248 = 4*u + 4*o, 0 = -3*u + 99*o - 94*o + 90146. What is the ten thousands digit of u?
3
Let d = -11509 + 19641. What is the thousands digit of d?
8
Let u(a) = 3*a + 17. Let f = -16 + 5. Let n be u(f). Let v = n - -50. What is the units digit of v?
4
Suppose -116*k + 675864 = -32*k. What is the thousands digit of k?
8
Suppose -61*o - 10*o + 3789838 = 0. What is the ten thousands digit of o?
5
Let d(q) = 18*q**2 - 38*q + 524. What is the hundreds digit of d(10)?
9
Let f(q) = -5399*q + 1227. What is the hundreds digit of f(-5)?
2
Let v = 39 + -13. Suppose -v = -4*p - 2*i, 0 = 5*p - 2*p - 2*i - 2. Suppose -4*f + q + 373 = -0*q, 0 = p*q - 12. What is the units digit of f?
4
What is the hundreds digit of -7*(3501909/(-1596) - (-9)/12)?
3
Let r = -278 + 168. Let z = -24 + r. Let w = -73 - z. What is the tens digit of w?
6
Let c(r) = 18*r - 28. Let g be c(3). Let m be g/8 + (3/4)/(-3). What is the hundreds digit of m/(36/2793) - 6/8?
2
Let m be (175/15)/((-4)/(-12)). Suppose -m = h - 8*h. Suppose i - 1194 = -h*i. What is the hundreds digit of i?
1
Let a(b) be the first derivative of -b**3/3 - b**2/2 - b - 14. Let u(q) = 3*q**2 - 4*q - 20. Let y(i) = -5*a(i) + u(i). What is the units digit of y(5)?
0
Suppose -5*f = -12*f - 805. Let y = f - -69. Let x = y + 90. What is the units digit of x?
4
Let a(r) = -31*r**3 + 2*r**2 - 1. Let t be a(-1). Let n = 458 + t. What is the units digit of n?
0
Suppose -k + 5 = -2*v, 5*v = -k + 6*v + 3. Let g(d) = 1091*d**2 - 4*d + 1. What is the hundreds digit of g(k)?
0
Let g(x) = -8*x - 14. Let z(q) = -q**2 + 13*q - 8. Let d be z(12). Suppose 4*j - 52 = d*p, -5*j = -13 - 2. What is the units digit of g(p)?
6
Let j(o) = 330*o**2 - 18*o - 63. What is the hundreds digit of j(-4)?
2
Let s be 1/5 + 996/20. Suppose -208 = -4*f - 3*y, -3*f = -7*f - 2*y + 208. Let p = f + s. What is the hundreds digit of p?
1
Let s be (-654)/4*((-10)/(-15) - 4). Suppose -5*z + s = -5*g, 8 = 5*g + 33. What is the hundreds digit of z?
1
Let f(p) = p**3 - 4*p**2 - 7*p + 11. Let m be f(5). What is the tens digit of (m - (-26)/(-10))*102480/(-183)?
9
Suppose 0 = -33*x + 37*x - 12, -52024 = -4*h + 4*x. What is the units digit of h?
9
Suppose 3*w = -3*w + 4*w. Suppose -3*l + 5*r - 857 = w, 2 = 4*r + 22. Let q = -199 - l. What is the tens digit of q?
9
Let f(z) be the third derivative of 0*z - z**2 + 55/3*z**3 + 0 + 1/24*z**4. What is the tens digit of f(0)?
1
Let a(g) = 11*g + 127. Let m = 217 - 203. What is the units digit of a(m)?
1
Let k(u) = -u**3 - 16*u**2 - 65*u + 7. Let i(r) = -2*r**2 + 22. Let j be i(-4). What is the units digit of k(j)?
7
Suppose -5*p - 375 = -3*z - z, 0 = -2*z - 2*p + 174. What is the hundreds digit of z/210 + 11684/14?
8
Let c(i) = 13*i + 3. Let b be (28/2 + -3)*1. Suppose -b = -6*a + 5*a. What is the units digit of c(a)?
6
Let a(t) = 17*t**2 + 19*t**2 + 18*t**2 - 56*t**2 + 13. Let k be a(-3). Let m(b) = -5*b + 14. What is the tens digit of m(k)?
3
Suppose 5*b - 1131 = -2*g, 3*g - 20*b - 1739 = -19*b. Let i = 627 - g. What is the tens digit of i?
4
Suppose j = 4*h + 49710, 0*j = -j - 6*h + 49720. What is the tens digit of j?
1
Suppose 75*t + 82*t - 51*t - 8371244 = 0. What is the ten thousands digit of t?
7
Suppose 164*t - 7301846 = -648038. What is the ten thousands digit of t?
4
Suppose -5*n - 45467 = -4*m, 5*n + 2652 - 14000 = -m. What is the tens digit of m?
6
Let i be -1 + 3/(-6)*86. Let d = i - -33. Let o = 147 - d. What is the hundreds digit of o?
1
What is the thousands digit of -6 - (-3904 + 2) - (9 + -2)?
3
Let y be (63/14)/((-3)/(-4) + 0). Let z be 3*(-1)/6 - 3/y. What is the units digit of 180/3 - ((-2 - z) + 0)?
1
Suppose -5*i - 2*t + 3464 = -28978, -3*i + 3*t = -19440. What is the hundreds digit of i?
4
Suppose 0 = r + 2*r - 3342. Let j = -242 + r. Suppose -5*w + j = 2*h, 2*h - 3*h - 356 = -2*w. What is the tens digit of w?
7
Let h(t) = 7*t**2 + 63*t + 1064. What is the hundreds digit of h(-18)?
1
Suppose 0 = 17*l + 9564 + 3067. Let f = 1363 + l. What is the units digit of f?
0
Suppose 0 = 4*r - 2*m - 74, -r = -m - 11 - 7. Let d be 3/(-3) - (-107 + 1). Suppose -14*l - d = -r*l. What is the units digit of l?
1
Let b be (-126)/(-24) - (35/(-20) - -2). Suppose b*v + 3*o - 1510 = 0, 0 = 27*o - 30*o - 15. What is the hundreds digit of v?
3
Suppose -2*p + 90030 = 5*n, 13*n + 4*p = 11*n + 36012. What is the tens digit of n?
0
Suppose 64*i - 441882 = 43*i. What is the ten thousands digit of i?
2
Suppose -57 = -g + 7. Suppose 202 + g = o. Suppose -o = -5*a + 19. What is the units digit of a?
7
Suppose 242*f = 471*f - 2018406. What is the hundreds digit of f?
8
Let t(c) = -c**2 - 27*c + 96. Let k be t(-30). Suppose -17*h + 1430 = -k*h. What is the units digit of h?
0
Suppose 0 = 3*l + 3*i + 6, 3*l - 5*i + 27 + 11 = 0. Let o be 5 - (0 + l/(-2)). Suppose -o*m + 138 = 4*m. What is the units digit of m?
3
Let p(v) = 8*v**2 - 63*v + 112. What is the hundreds digit of p(-40)?
4
Suppose -2*o + 304 = 4*r - 166, -3*r = -o - 345. Suppose 3*n + 62 = v, -3*v - 4*n + r = -5. What is the tens digit of v?
4
Let f be -6*32/(-60) + (-2)/10. Suppose -r - f*q + 17 = 0, -q + 0*q - 11 = -3*r. Suppose 0 = 2*i - 2*c - 412, -i + 56 + 126 = r*c. What is the tens digit of i?
0
Let d(i) = -i**2 + 6*i + 12. Let z be d(7). Suppose o - 4*h - 27 = 96, z*h = -o + 159. What is the units digit of o?
9
Let j(d) = 6*d + 20. Let g be 0/(-1) - (0 - -40). Let b = -29 - g. What is the units digit of j(b)?
6
Suppose -3*v = q - 31 - 22, 3*q - v = 119. Let a = q + 147. Suppose 1308 = 10*m + a. What is the units digit of m?
2
Suppose b + 2*o - 775 = 0, -5*b = -18*o + 21*o - 3910. Let t = -21 + 23. Suppose -7*k + b = -t*k. What is the units digit of k?
7
Suppose 613 = 145*d - 144*d. Suppose 0 = 4*a + 4*t - 784, -d = -3*a - 21*t + 23*t. What is the hundreds digit of a?
2
Suppose 1020 = -5*k + 4*o, 990 = -5*k + 5*o - 7*o. Suppose 0 = -115*d + 30931 + 4949. Let m = d + k. What is the tens digit of m?
1
Let m = -23 - -27. Suppose -m*o + 358 = -570. Suppose -128 = -3*n - 4*j, n + 4*n = -2*j + o. What is the tens digit of n?
4
Let i(u) = -u**2 + 35*u - 16. Let n be i(5). Let v = n + 474. What is the units digit of v?
8
Let l(g) = -3*g - 29. Suppose 3*k + 4*s = -s - 20, -2*k = 5*s + 5. Let v be l(k). Suppose 0 = -5*h - 5*f + 10, 5*h + 4*f - v = -3. What is the units digit of h?
5
Let j be (-20)/(-100) - (-1466)/(-5). Let s = -107 + j. What is the units digit of s/12*(-27)/6?
0
Suppose -26*v + 38817 + 121187 = 0. What is the tens digit of v?
5
Let r(n) = 173*n - 74. Let v be r(6). Let s = -571 + v. What is the tens digit of s?
9
What is the units digit of 9970/(-12)*2*(184 + -187)?
5
Let p(y) be the first derivative of 2/3*y**3 - 21 + 8*y + 5/2*y**2. What is the tens digit of p(8)?
7
Let k = 5565 + -445. What is the units digit of ((-8)/10)/(25592/k - 5)?
2
What is the units digit of (-2*(-7)/(-42))/((-21)/1031373)?
1
Suppose -w = 2769 - 3820. What is the hundreds digit of w?
0
Let a(c) = c**3 + 17*c**2 + 18*c + 